 + 78. Let d be 18/(3*(-4)/(-16)). List the prime factors of (81/o)/((-3)/d).
2, 3
Let p(u) = u**3 - u**2 - 3*u - 3. Let w be p(3). Suppose 19*o - 20*o + 1 = 0, 2*i - 7 = o. Suppose i*n = w*n - 84. List the prime factors of n.
2, 3, 7
Let n(z) = 1026*z - 8911. What are the prime factors of n(24)?
19, 827
Let m = 2578 - -2190. List the prime factors of m.
2, 149
Let h(l) be the first derivative of 22*l**3/3 - 3*l**2/2 + 11*l - 17. List the prime factors of h(2).
3, 31
Suppose -2*l + 592 = -5*l + 199939. What are the prime factors of l?
66449
Let j(l) = -181*l + 9024. List the prime factors of j(37).
13, 179
Suppose -3*d + 185 = 155. Suppose -125 = -d*y + 3115. What are the prime factors of y?
2, 3
Let g(l) = 1319*l - 3. Let c be g(1). Suppose 11*n = 18*n - c. List the prime factors of n.
2, 47
Suppose -68840 = -309*o + 301*o. List the prime factors of o.
5, 1721
Suppose 101 + 283 = -3*g. Suppose -130*m - 540 = -133*m. Let v = m + g. What are the prime factors of v?
2, 13
Let y(z) be the second derivative of 19*z**4/12 - 9*z**3/2 - 73*z**2/2 + 234*z. What are the prime factors of y(-7)?
3, 349
Suppose 5*c = -n - 1425, 3*n + 2519 = 3*c - 1720. Let s = n - -2667. List the prime factors of s.
2, 313
Let h = 1 - 0. Suppose k + h - 9 = -5*g, 0 = -3*k + g + 8. Suppose 8 + 85 = k*t. List the prime factors of t.
31
Suppose 3*i = b + 1359, i + b - 212 - 245 = 0. Suppose -i = -18*g + 16*g. What are the prime factors of g?
227
Let l be 3 + (11 + -5 - 4). Let m(f) = 47*f + 23. What are the prime factors of m(l)?
2, 3, 43
Let z = -28 + 41. Let t(k) = 532*k - 175*k - 182*k - 177*k + 30. List the prime factors of t(z).
2
List the prime factors of 7516 - (14 - 5) - 8/(8/4).
3, 41, 61
Suppose -104 = -i + 67. Suppose -3*o = -2*x + i, 0 = -0*x + 3*x. Let m = 111 + o. List the prime factors of m.
2, 3
Suppose -16 = 4*m, 90812 = 2*o - m + 22880. List the prime factors of o.
2, 7, 1213
Suppose 2*d - 1901 = -5*c, c - 21 = -18. What are the prime factors of d?
23, 41
Let g(b) = -b + 12. Let k be g(7). Suppose -5*s + 5 = -k. What are the prime factors of (-28)/(s/((-16)/4))?
2, 7
Suppose -35*l + 9619 = -55586. List the prime factors of l.
3, 23
What are the prime factors of ((-245)/10)/((-36)/46656)?
2, 3, 7
Let c = 45 - -848. Suppose c + 72 = r. List the prime factors of r.
5, 193
Let m = 25710 + -12359. What are the prime factors of m?
13, 79
Let k = -75 + 74. Let x be ((-6)/k)/(-2) + (-550)/5. Let f = 170 + x. List the prime factors of f.
3, 19
Let m be 4/(-6) - 1152/(-27). Let i(g) = -3*g + m + 6*g + 2*g + 3*g. List the prime factors of i(7).
2, 7
Let p = -79 - -33. Let a = 53 + p. Suppose -2*q + 77 = f, -f = 6*q - a*q - 65. What are the prime factors of f?
3, 23
Suppose 9 = -h - 4*q + q, 2*h + 10 = -4*q. Let x(t) = 3*t**3 + 6*t**2 - 2*t - 5. Let s be x(4). Suppose -s = -h*k + 7. List the prime factors of k.
2, 47
Let l = 34229 - 23942. List the prime factors of l.
3, 127
Let u(q) = -3*q**3 + 21*q**2 - 5*q + 15. Let b be u(7). What are the prime factors of (-23)/(-5) + b/(-50) - -125?
2, 5, 13
Let q(c) = -2*c**2 - 22*c + 39. Let g be q(-12). Suppose g*z = 16*z - 1233. What are the prime factors of z?
3, 137
What are the prime factors of (-1)/(((-3)/17190)/((-21)/(-14)))?
3, 5, 191
Suppose -253 = -4*p + k, -5*p + 0*p + k + 317 = 0. Let i = p + -61. Suppose i*a = -5*a + 1264. List the prime factors of a.
2, 79
Let c = 1327 - 1238. Let k be 1/(-2) + (-322)/4. Let u = k + c. List the prime factors of u.
2
Suppose -8*i - 60480 = 10*i. Let s be (i/(-36))/((-4)/(-30)). Suppose -7*b + 315 = -s. What are the prime factors of b?
5, 29
Suppose -4*q - 2*c - c = 1045, -q + 5*c = 244. Let h = q + 862. What are the prime factors of h?
3, 67
Let i be ((-822)/4)/((-42)/(-56)). Let c(u) = 34*u. Let g be c(-5). Let q = g - i. What are the prime factors of q?
2, 13
Suppose -4*f = 1846 + 3066. Let r = f - -1944. What are the prime factors of r?
2, 179
Suppose -n = l + 11, -3*l - 3*n - 31 = 2*n. Let k be 744/(-4)*l/8. Suppose -q = 2*q - k. List the prime factors of q.
3, 31
Let n(k) = -32*k + 12. Let b = -189 - -179. List the prime factors of n(b).
2, 83
Suppose 11*h - 9*h - 14 = 0. Let b(a) be the third derivative of 3*a**4/4 - 13*a**3/6 - 3*a**2. What are the prime factors of b(h)?
113
Suppose -46*s + 1453 = -45*s. Suppose 9*v + 221 = -s. Let x = -82 - v. List the prime factors of x.
2, 13
Suppose 0 - 48 = -6*s. Suppose 3*w + s = -2*k + 4*k, 2*k - 8 = -2*w. Let n(h) = -h**3 - h**2 + h + 97. List the prime factors of n(w).
97
Let w = -464 - -620. Suppose -w + 72 = -3*k. List the prime factors of k.
2, 7
Let s(z) = z**2 + 5*z - 9. Let i be s(2). List the prime factors of (-12)/(-30) + 173/i.
5, 7
Let s = 218 - 208. What are the prime factors of 36101/65 - 4/s?
3, 5, 37
Let l(t) = t**3 - 4*t + 8. Let w be l(0). Suppose -6400 = -12*i - w*i. List the prime factors of i.
2, 5
Let y be (-54)/12*(-16)/6. Let q = -13 + y. What are the prime factors of 13 + 1 + 2 + q?
3, 5
Let i(j) = -281*j**3 - 49*j**2 - 2*j - 13. List the prime factors of i(-5).
3, 11299
Let o(r) = 28*r**2 - 59*r + 747. What are the prime factors of o(15)?
2, 3, 13, 79
Suppose -368*o = -1629518 - 13787474. What are the prime factors of o?
2, 20947
Let o(b) = -b**3 - b**2 + 3*b + 3. Let z be o(-4). Let w = z + 209. What are the prime factors of w?
2, 31
Let p be (-4*2)/(-5 + 3). Let u be 1020/50*110/p. Let h = u - 371. What are the prime factors of h?
2, 5, 19
Let w = 8075 + -5325. List the prime factors of w.
2, 5, 11
Let f = -6101 + 2494. Let o = -2013 - f. List the prime factors of o.
2, 797
Let t(a) = -329*a + 589. List the prime factors of t(-3).
2, 197
Suppose -3015 - 1841 = -4*n. Suppose 4*c - 662 = -4*a + 546, 4*a - n = -c. List the prime factors of a.
2, 19
Let n = -425 + 425. Let a(z) be the third derivative of z**6/120 - z**5/60 - z**4/24 + 110*z**3/3 + z**2. List the prime factors of a(n).
2, 5, 11
Let r = 556 + 640. Suppose -2*m - 3*x = x - 610, -4*m = -4*x - r. List the prime factors of m.
7, 43
Let s(g) = 2*g - 20. Let u be s(7). Let o(h) = -h**3 - h**2 - 6*h - 5. What are the prime factors of o(u)?
211
Let p(h) = 8*h - 8. Let v be p(4). Suppose v = 2*y + 2*s, 7 = 2*y + 4*s - 7. Let g = 47 - y. What are the prime factors of g?
2, 3, 5
Let b(y) = -2*y - 36. Let f = 55 + -48. Let s be b(f). Let r = 117 + s. What are the prime factors of r?
67
Let c(p) = 3*p**3 + 2*p**2 - p + 2. Let m be c(2). Suppose -4 + 106 = 6*w. Let a = m + w. What are the prime factors of a?
7
Let y = 53317 + -35679. What are the prime factors of y?
2, 8819
Let h(f) = 4*f**2 + 8*f + 33. Suppose -v - 4*u = 23, -5 = 3*v - u - 3*u. Let q be ((-78)/91)/((-1)/v). List the prime factors of h(q).
3, 43
Suppose 11*b = 4*b + 105. Suppose m - b = -4*m. Suppose -m*z - 4*f + 261 = 64, z - 65 = -2*f. What are the prime factors of z?
67
Suppose 0 = -4*h + 8, -6 = -q - 5*h + 141. Let d = 289 - q. Let s = d - -26. What are the prime factors of s?
2, 89
Let c be (-349)/5*(-60)/(-18)*-3. Let q = c + -284. List the prime factors of q.
2, 3, 23
What are the prime factors of (-4062227)/(-267)*(1 - -2)?
13, 3511
Let q = 2206 - 1181. What are the prime factors of q?
5, 41
Let k(z) = 10*z**2 - 4*z - 6. Let a be k(-3). Let j = a - 53. Let d = 78 - j. What are the prime factors of d?
5, 7
Let w(m) = -m. Let l(y) = -11*y - 17. Let r(x) = l(x) - 6*w(x). Let n be r(-4). Suppose -n = 2*a - 135. List the prime factors of a.
2, 3, 11
Let n(j) = -43*j - 5. Let z be (-8)/2 + 3*(-16)/24. What are the prime factors of n(z)?
11, 23
What are the prime factors of 72*(-2118)/(-66)*11?
2, 3, 353
What are the prime factors of 161034/9 - 6/15*(-55)/(-33)?
2, 3, 7, 71
Let d(b) = -169*b + 38. Let l be d(-2). Let a = 118 + l. List the prime factors of a.
2, 13, 19
Suppose 4*l - 3*a - 513 = 0, 4*l - 538 = -0*l - 2*a. What are the prime factors of ((-734)/(-10))/(l/(-45) + 3)?
3, 367
Let h be (1/1)/(20 + -21) - -33. List the prime factors of h/(-2)*-58*(-9)/(-72).
2, 29
Suppose -3*d + 0*d = 3*d. Suppose -15*p + 16*p - 8 = d. What are the prime factors of 2*(-4)/p + 82?
3
What are the prime factors of ((-2472)/(-10))/(117/(-208)*8/(-30))?
2, 103
Let i be -2*1396/16*-2. Suppose 89 = 6*d - i. What are the prime factors of d?
73
Let y(x) be the first derivative of 5*x**4/4 + 3*x**2/2 + 5*x